[INFO] fetching crate more_collections 0.6.0...
[INFO] checking more_collections-0.6.0 against master#9610dfe5a9a731ced1ea4923ecbd0c57fe367898 for beta-170-4
[INFO] extracting crate more_collections 0.6.0 into /workspace/builds/worker-7-tc1/source
[INFO] validating manifest of crates.io crate more_collections 0.6.0 on toolchain 9610dfe5a9a731ced1ea4923ecbd0c57fe367898
[INFO] running `Command { std: CARGO_HOME="/workspace/cargo-home" RUSTUP_HOME="/workspace/rustup-home" "/workspace/cargo-home/bin/cargo" "+9610dfe5a9a731ced1ea4923ecbd0c57fe367898" "metadata" "--manifest-path" "Cargo.toml" "--no-deps", kill_on_drop: false }`
[INFO] started tweaking crates.io crate more_collections 0.6.0
[INFO] finished tweaking crates.io crate more_collections 0.6.0
[INFO] tweaked toml for crates.io crate more_collections 0.6.0 written to /workspace/builds/worker-7-tc1/source/Cargo.toml
[INFO] running `Command { std: CARGO_HOME="/workspace/cargo-home" RUSTUP_HOME="/workspace/rustup-home" __CARGO_TEST_CHANNEL_OVERRIDE_DO_NOT_USE_THIS="nightly" "/workspace/cargo-home/bin/cargo" "+9610dfe5a9a731ced1ea4923ecbd0c57fe367898" "generate-lockfile" "--manifest-path" "Cargo.toml" "-Zno-index-update", kill_on_drop: false }`
[INFO] running `Command { std: CARGO_HOME="/workspace/cargo-home" RUSTUP_HOME="/workspace/rustup-home" "/workspace/cargo-home/bin/cargo" "+9610dfe5a9a731ced1ea4923ecbd0c57fe367898" "fetch" "--manifest-path" "Cargo.toml", kill_on_drop: false }`
[INFO] running `Command { std: "docker" "create" "-v" "/var/lib/crater-agent-workspace/builds/worker-7-tc1/target:/opt/rustwide/target:rw,Z" "-v" "/var/lib/crater-agent-workspace/builds/worker-7-tc1/source:/opt/rustwide/workdir:ro,Z" "-v" "/var/lib/crater-agent-workspace/cargo-home:/opt/rustwide/cargo-home:ro,Z" "-v" "/var/lib/crater-agent-workspace/rustup-home:/opt/rustwide/rustup-home:ro,Z" "-e" "SOURCE_DIR=/opt/rustwide/workdir" "-e" "CARGO_TARGET_DIR=/opt/rustwide/target" "-e" "CARGO_HOME=/opt/rustwide/cargo-home" "-e" "RUSTUP_HOME=/opt/rustwide/rustup-home" "-w" "/opt/rustwide/workdir" "-m" "1610612736" "--user" "0:0" "--network" "none" "ghcr.io/rust-lang/crates-build-env/linux@sha256:19e73879b68f455e41552ea35293514db52ea292d993f571636dbffedb77a1ee" "/opt/rustwide/cargo-home/bin/cargo" "+9610dfe5a9a731ced1ea4923ecbd0c57fe367898" "metadata" "--no-deps" "--format-version=1", kill_on_drop: false }`
[INFO] [stdout] 16c910dcb9a1b34949a55f32114c8e68134afdf6eb83de838ce2d9b7f21da87f
[INFO] running `Command { std: "docker" "start" "-a" "16c910dcb9a1b34949a55f32114c8e68134afdf6eb83de838ce2d9b7f21da87f", kill_on_drop: false }`
[INFO] running `Command { std: "docker" "inspect" "16c910dcb9a1b34949a55f32114c8e68134afdf6eb83de838ce2d9b7f21da87f", kill_on_drop: false }`
[INFO] running `Command { std: "docker" "rm" "-f" "16c910dcb9a1b34949a55f32114c8e68134afdf6eb83de838ce2d9b7f21da87f", kill_on_drop: false }`
[INFO] [stdout] 16c910dcb9a1b34949a55f32114c8e68134afdf6eb83de838ce2d9b7f21da87f
[INFO] running `Command { std: "docker" "create" "-v" "/var/lib/crater-agent-workspace/builds/worker-7-tc1/target:/opt/rustwide/target:rw,Z" "-v" "/var/lib/crater-agent-workspace/builds/worker-7-tc1/source:/opt/rustwide/workdir:ro,Z" "-v" "/var/lib/crater-agent-workspace/cargo-home:/opt/rustwide/cargo-home:ro,Z" "-v" "/var/lib/crater-agent-workspace/rustup-home:/opt/rustwide/rustup-home:ro,Z" "-e" "SOURCE_DIR=/opt/rustwide/workdir" "-e" "CARGO_TARGET_DIR=/opt/rustwide/target" "-e" "CARGO_INCREMENTAL=0" "-e" "RUST_BACKTRACE=full" "-e" "RUSTFLAGS=--cap-lints=forbid" "-e" "RUSTDOCFLAGS=--cap-lints=forbid" "-e" "CARGO_HOME=/opt/rustwide/cargo-home" "-e" "RUSTUP_HOME=/opt/rustwide/rustup-home" "-w" "/opt/rustwide/workdir" "-m" "1610612736" "--user" "0:0" "--network" "none" "ghcr.io/rust-lang/crates-build-env/linux@sha256:19e73879b68f455e41552ea35293514db52ea292d993f571636dbffedb77a1ee" "/opt/rustwide/cargo-home/bin/cargo" "+9610dfe5a9a731ced1ea4923ecbd0c57fe367898" "check" "--frozen" "--all" "--all-targets" "--message-format=json", kill_on_drop: false }`
[INFO] [stdout] 5665715d6227d65fe18e966bc87bf2bc60cd32a57b51bac55648655e534fe674
[INFO] running `Command { std: "docker" "start" "-a" "5665715d6227d65fe18e966bc87bf2bc60cd32a57b51bac55648655e534fe674", kill_on_drop: false }`
[INFO] [stderr]     Checking ciborium-io v0.2.1
[INFO] [stderr]     Checking serde v1.0.163
[INFO] [stderr]     Checking clap v3.2.25
[INFO] [stderr]     Checking more_collections v0.6.0 (/opt/rustwide/workdir)
[INFO] [stderr]     Checking ciborium-ll v0.2.1
[INFO] [stderr]     Checking serde_json v1.0.96
[INFO] [stderr]     Checking ciborium v0.2.1
[INFO] [stderr]     Checking tinytemplate v1.2.1
[INFO] [stderr]     Checking criterion v0.4.0
[INFO] [stdout] error[E0432]: unresolved import `more_collections::hashsetmultimap`
[INFO] [stdout]    --> tests/multimap.rs:646:9
[INFO] [stdout]     |
[INFO] [stdout] 646 |     use more_collections::hashsetmultimap;
[INFO] [stdout]     |         ^^^^^^^^^^^^^^^^^^^^^^^^^^^^^^^^^ no `hashsetmultimap` in the root
[INFO] [stdout] 
[INFO] [stdout] 
[INFO] [stdout] error[E0432]: unresolved import `more_collections::HashSetMultimap`
[INFO] [stdout]    --> tests/multimap.rs:647:9
[INFO] [stdout]     |
[INFO] [stdout] 647 |     use more_collections::HashSetMultimap;
[INFO] [stdout]     |         ^^^^^^^^^^^^^^^^^^^^^^^^^^^^^^^^^ no `HashSetMultimap` in the root
[INFO] [stdout] 
[INFO] [stdout] 
[INFO] [stdout] error[E0432]: unresolved import `more_collections::hashvecmultimap`
[INFO] [stdout]    --> tests/multimap.rs:656:9
[INFO] [stdout]     |
[INFO] [stdout] 656 |     use more_collections::hashvecmultimap;
[INFO] [stdout]     |         ^^^^^^^^^^^^^^^^^^^^^^^^^^^^^^^^^ no `hashvecmultimap` in the root
[INFO] [stdout] 
[INFO] [stdout] 
[INFO] [stdout] error[E0432]: unresolved import `more_collections::HashVecMultimap`
[INFO] [stdout]    --> tests/multimap.rs:657:9
[INFO] [stdout]     |
[INFO] [stdout] 657 |     use more_collections::HashVecMultimap;
[INFO] [stdout]     |         ^^^^^^^^^^^^^^^^^^^^^^^^^^^^^^^^^ no `HashVecMultimap` in the root
[INFO] [stdout] 
[INFO] [stdout] 
[INFO] [stdout] error[E0432]: unresolved import `more_collections::indexsetmultimap`
[INFO] [stdout]    --> tests/multimap.rs:666:9
[INFO] [stdout]     |
[INFO] [stdout] 666 |     use more_collections::indexsetmultimap;
[INFO] [stdout]     |         ^^^^^^^^^^^^^^^^^^^^^^^^^^^^^^^^^^ no `indexsetmultimap` in the root
[INFO] [stdout] 
[INFO] [stdout] 
[INFO] [stdout] error[E0432]: unresolved import `more_collections::IndexSetMultimap`
[INFO] [stdout]    --> tests/multimap.rs:667:9
[INFO] [stdout]     |
[INFO] [stdout] 667 |     use more_collections::IndexSetMultimap;
[INFO] [stdout]     |         ^^^^^^^^^^^^^^^^^^^^^^^^^^^^^^^^^^ no `IndexSetMultimap` in the root
[INFO] [stdout] 
[INFO] [stdout] 
[INFO] [stdout] error[E0432]: unresolved import `more_collections::indexvecmultimap`
[INFO] [stdout]    --> tests/multimap.rs:697:9
[INFO] [stdout]     |
[INFO] [stdout] 697 |     use more_collections::indexvecmultimap;
[INFO] [stdout]     |         ^^^^^^^^^^^^^^^^^^^^^^^^^^^^^^^^^^ no `indexvecmultimap` in the root
[INFO] [stdout] 
[INFO] [stdout] 
[INFO] [stdout] error[E0432]: unresolved import `more_collections::IndexVecMultimap`
[INFO] [stdout]    --> tests/multimap.rs:698:9
[INFO] [stdout]     |
[INFO] [stdout] 698 |     use more_collections::IndexVecMultimap;
[INFO] [stdout]     |         ^^^^^^^^^^^^^^^^^^^^^^^^^^^^^^^^^^ no `IndexVecMultimap` in the root
[INFO] [stdout] 
[INFO] [stdout] 
[INFO] [stdout] error: cannot determine resolution for the macro `indexvecmultimap`
[INFO] [stdout]    --> tests/multimap.rs:705:23
[INFO] [stdout]     |
[INFO] [stdout] 705 |         let mut map = indexvecmultimap! {
[INFO] [stdout]     |                       ^^^^^^^^^^^^^^^^
[INFO] [stdout]     |
[INFO] [stdout]     = note: import resolution is stuck, try simplifying macro imports
[INFO] [stdout] 
[INFO] [stdout] 
[INFO] [stdout] error: cannot determine resolution for the macro `indexvecmultimap`
[INFO] [stdout]    --> tests/multimap.rs:701:46
[INFO] [stdout]     |
[INFO] [stdout] 701 |     index_multimap_tests! {IndexVecMultimap, indexvecmultimap, vec}
[INFO] [stdout]     |                                              ^^^^^^^^^^^^^^^^
[INFO] [stdout]     |
[INFO] [stdout]     = note: import resolution is stuck, try simplifying macro imports
[INFO] [stdout] 
[INFO] [stdout] 
[INFO] [stdout] error: cannot determine resolution for the macro `indexvecmultimap`
[INFO] [stdout]    --> tests/multimap.rs:700:48
[INFO] [stdout]     |
[INFO] [stdout] 700 |     general_multimap_tests! {IndexVecMultimap, indexvecmultimap, indexmap, vec}
[INFO] [stdout]     |                                                ^^^^^^^^^^^^^^^^
[INFO] [stdout]     |
[INFO] [stdout]     = note: import resolution is stuck, try simplifying macro imports
[INFO] [stdout] 
[INFO] [stdout] 
[INFO] [stdout] error: cannot determine resolution for the macro `indexsetmultimap`
[INFO] [stdout]    --> tests/multimap.rs:675:23
[INFO] [stdout]     |
[INFO] [stdout] 675 |         let mut map = indexsetmultimap! {
[INFO] [stdout]     |                       ^^^^^^^^^^^^^^^^
[INFO] [stdout]     |
[INFO] [stdout]     = note: import resolution is stuck, try simplifying macro imports
[INFO] [stdout] 
[INFO] [stdout] 
[INFO] [stdout] error: cannot determine resolution for the macro `indexsetmultimap`
[INFO] [stdout]    --> tests/multimap.rs:671:46
[INFO] [stdout]     |
[INFO] [stdout] 671 |     index_multimap_tests! {IndexSetMultimap, indexsetmultimap, indexset}
[INFO] [stdout]     |                                              ^^^^^^^^^^^^^^^^
[INFO] [stdout]     |
[INFO] [stdout]     = note: import resolution is stuck, try simplifying macro imports
[INFO] [stdout] 
[INFO] [stdout] 
[INFO] [stdout] error: cannot determine resolution for the macro `indexsetmultimap`
[INFO] [stdout]    --> tests/multimap.rs:669:48
[INFO] [stdout]     |
[INFO] [stdout] 669 |     general_multimap_tests! {IndexSetMultimap, indexsetmultimap, indexmap, indexset}
[INFO] [stdout]     |                                                ^^^^^^^^^^^^^^^^
[INFO] [stdout]     |
[INFO] [stdout]     = note: import resolution is stuck, try simplifying macro imports
[INFO] [stdout] 
[INFO] [stdout] 
[INFO] [stdout] error: cannot determine resolution for the macro `hashvecmultimap`
[INFO] [stdout]    --> tests/multimap.rs:660:44
[INFO] [stdout]     |
[INFO] [stdout] 660 |     hash_multimap_tests! {HashVecMultimap, hashvecmultimap}
[INFO] [stdout]     |                                            ^^^^^^^^^^^^^^^
[INFO] [stdout]     |
[INFO] [stdout]     = note: import resolution is stuck, try simplifying macro imports
[INFO] [stdout] 
[INFO] [stdout] 
[INFO] [stdout] error: cannot determine resolution for the macro `hashvecmultimap`
[INFO] [stdout]    --> tests/multimap.rs:659:47
[INFO] [stdout]     |
[INFO] [stdout] 659 |     general_multimap_tests! {HashVecMultimap, hashvecmultimap, hashmap, vec}
[INFO] [stdout]     |                                               ^^^^^^^^^^^^^^^
[INFO] [stdout]     |
[INFO] [stdout]     = note: import resolution is stuck, try simplifying macro imports
[INFO] [stdout] 
[INFO] [stdout] 
[INFO] [stdout] error: cannot determine resolution for the macro `hashsetmultimap`
[INFO] [stdout]    --> tests/multimap.rs:650:44
[INFO] [stdout]     |
[INFO] [stdout] 650 |     hash_multimap_tests! {HashSetMultimap, hashsetmultimap}
[INFO] [stdout]     |                                            ^^^^^^^^^^^^^^^
[INFO] [stdout]     |
[INFO] [stdout]     = note: import resolution is stuck, try simplifying macro imports
[INFO] [stdout] 
[INFO] [stdout] 
[INFO] [stdout] error: cannot determine resolution for the macro `hashsetmultimap`
[INFO] [stdout]    --> tests/multimap.rs:649:47
[INFO] [stdout]     |
[INFO] [stdout] 649 |     general_multimap_tests! {HashSetMultimap, hashsetmultimap, hashmap, hashset}
[INFO] [stdout]     |                                               ^^^^^^^^^^^^^^^
[INFO] [stdout]     |
[INFO] [stdout]     = note: import resolution is stuck, try simplifying macro imports
[INFO] [stdout] 
[INFO] [stdout] 
[INFO] [stdout] error: aborting due to 18 previous errors
[INFO] [stdout] 
[INFO] [stdout] 
[INFO] [stdout] For more information about this error, try `rustc --explain E0432`.
[INFO] [stdout] 
[INFO] [stderr] error: could not compile `more_collections` (test "multimap") due to 19 previous errors
[INFO] running `Command { std: "docker" "inspect" "5665715d6227d65fe18e966bc87bf2bc60cd32a57b51bac55648655e534fe674", kill_on_drop: false }`
[INFO] running `Command { std: "docker" "rm" "-f" "5665715d6227d65fe18e966bc87bf2bc60cd32a57b51bac55648655e534fe674", kill_on_drop: false }`
[INFO] [stdout] 5665715d6227d65fe18e966bc87bf2bc60cd32a57b51bac55648655e534fe674
